) - (1 - k)?
2, 3
Let b(k) = k + 147. Let g be b(0). Suppose -4*n + 282 = -5*s, -63*n + 62*n + 8*s + 84 = 0. Let l = n + g. What are the prime factors of l?
5, 43
Suppose 22*d - 249808 - 483883 + 169237 = 0. List the prime factors of d.
25657
Let p be 1*-10*6314/(-28). Let j = -1263 + p. List the prime factors of j.
2, 31
Suppose -6753 + 158373 = 24*h + 4*h. What are the prime factors of h?
3, 5, 19
Suppose 3*t = 5*y - 207155, 207155 = 8*y - 3*y - 5*t. What are the prime factors of y?
13, 3187
Suppose 516*f = 521*f - 43530. List the prime factors of f.
2, 3, 1451
Let w be (-1 + -2)*(1 + 8252/12). Let p be w/(-18) - (-2)/9. Let r = -41 + p. What are the prime factors of r?
2, 37
Let k(b) = 569*b - 2. Let u be k(-1). Let n = u - -907. Suppose 4*v - 1036 = -n. What are the prime factors of v?
5, 7
Suppose 8*b - 3*d - 203834 = 0, -b - 15*d = -10*d - 25447. List the prime factors of b.
73, 349
Let x(b) = 32*b**2 + 46*b - 244. List the prime factors of x(15).
2, 3823
Suppose -76 = -c - 5. Suppose -4*a + 111 = -3*n, n + 11 = 3*a - c. Let y = a - -32. What are the prime factors of y?
59
Suppose 19*w - 15*w = 32. Let i(h) = -h**2 + 8*h - 5. Let b be i(w). Let q(a) = -a**3 - a**2 - 2*a + 4. List the prime factors of q(b).
2, 3, 19
Let l(i) = 4*i**2 + 6*i + 6. Let b be l(-2). Let h(y) = 26*y + 58. What are the prime factors of h(b)?
2, 3, 53
Let q(g) = -g**3 - 4*g - 1. Let a be 4/(40/(-75)) + 1/(-2). Let r be q(a). Let o = -281 + r. List the prime factors of o.
2, 131
Suppose -x + 558 = -5*f, 0*f - 2*f - 226 = x. List the prime factors of 9664/12 + (6 - f/(-21)).
2, 13, 31
Let z = -17086 + 34142. What are the prime factors of z?
2, 13, 41
Suppose 5*d - 26894 = -2744. What are the prime factors of d?
2, 3, 5, 7, 23
What are the prime factors of (-2 + (-14)/(-4))/(978/3848756)?
5903
Suppose -3*p - 3 = -p - s, 4*s = -5*p + 12. Suppose p = m - 0*m - 19. Suppose 18*q - m*q + 53 = 0. List the prime factors of q.
53
Suppose -31*d + 2*d = -377. Suppose h = -d*h + 9156. List the prime factors of h.
2, 3, 109
Suppose 262*l - 18 = 253*l. Suppose -2*z - 4*d + 3298 = 0, 3*z - l*d - 4927 = 2*d. What are the prime factors of z?
5, 7, 47
Let w = 54 + -92. Let v = w - -44. Suppose -v*l = -11*l + 240. List the prime factors of l.
2, 3
Let y(g) = -g**3 - 4*g**2 + 11*g - 18. Let c be y(-11). Suppose -3*r - r = c. List the prime factors of ((-6)/6)/(180/r + 1).
59
Let o = -237 - -399. Suppose 0 = 4*f - 218 - o. List the prime factors of f.
5, 19
Let v(s) = -56*s**3 - 3*s**2 - 2*s + 6. Let j be v(2). Let y = -171 - j. What are the prime factors of y?
7, 41
Suppose 0 = -8*v - 102 - 146. Let j = v + 68. What are the prime factors of j?
37
Let i(s) = -4*s**2 + 4*s - 2. Let p(c) = c**2 - c + 1. Let m(u) = -i(u) - 5*p(u). Let f be m(0). List the prime factors of (22/f)/(2/(-12)).
2, 11
List the prime factors of -2 + 15 - 23320/(-22).
29, 37
Let n = 28 + -20. Suppose 2*i = -2*i + n. Suppose -i*l + 2*d = -d - 156, -3*l + 234 = -4*d. List the prime factors of l.
2, 3, 13
Suppose -48350*j = -48328*j - 980474. What are the prime factors of j?
41, 1087
Suppose 0 = -257*b + 249*b + 1200. Let y = -71 + 40. Let t = b + y. What are the prime factors of t?
7, 17
Let c be ((-26)/13)/((-8)/20). Suppose 5*r - c*j + 556 = 3586, -4*r - j + 2444 = 0. What are the prime factors of r?
2, 5, 61
Let m(c) = -2*c - 21. Let i be m(-11). Let v(x) = -x**3 + x - 1. Let g(u) = -u**3 - 3*u**2 + 5*u. Let h(j) = i*g(j) - 2*v(j). List the prime factors of h(4).
2, 3, 5
Suppose -3*q + 5*x - 4*x = -3388, -x + 2 = 0. List the prime factors of q.
2, 5, 113
What are the prime factors of (-2)/(-17) - (-1447 + -6)/((-187)/(-3223))?
79, 317
Let x = 43 + -19. Let q be x/(-56) - (-3)/7. Suppose q = -8*n + 12*n - 300. What are the prime factors of n?
3, 5
Let l(d) = 2*d**2 + 52*d + 53. Let i be 268/(-9) + (-2)/9. List the prime factors of l(i).
293
Suppose 4*t + 26 = -3*r, 0 = r + 3*r + 3*t + 23. Let v be (-6)/(-9)*(-9)/r. Suppose v*x = -u + 407, 3*u = 5*u + 8. What are the prime factors of x?
137
Suppose 220*s = 258*s + 393272 - 2801598. What are the prime factors of s?
63377
Suppose 178 + 270 = 56*s. List the prime factors of (-3 + s - -4) + 16.
5
Let g(m) = 539*m + 5578. List the prime factors of g(15).
13, 1051
Let g(i) = 0*i + 6*i - 2*i**2 + 0 + 4 + 4*i**2. Let b(a) = 14*a - 344. Let r be b(24). List the prime factors of g(r).
2, 3, 7
Let o(q) be the second derivative of -193*q**3/6 + 4*q**2 + 2*q - 12. List the prime factors of o(-2).
2, 197
Suppose 3*w = -5*g + 34, -11*g - 7 = -13*g + w. Suppose -b + 3*a + 701 = 0, g*b + a - 392 - 3065 = 0. What are the prime factors of b?
2, 173
Let s(p) = -25*p**2 - 17*p - 26. Let g be s(-5). Let i = g + 961. List the prime factors of i.
5, 79
Let w be (-629)/(-5) + 1/5. Suppose -u + d + 41 = -7, -3*u - 3*d = -w. What are the prime factors of u?
3, 5
Let s = 362 + -355. List the prime factors of (-11620)/(-10) - s - 3/3.
2, 577
What are the prime factors of 0 + 29389 + -1 - ((-196)/(-4) + -50)?
29389
Suppose 3*h = 0, -5*h = 4*d - 3*h - 652. Let q = 738 + d. What are the prime factors of q?
17, 53
Let u = 26733 - 9357. What are the prime factors of u?
2, 3, 181
Let s be (-1)/(1/(-2)) - -52. Suppose 2*w - 4*m - s = -w, -w + m = -17. What are the prime factors of w?
2, 7
Suppose 0 = -34*c + 65707 - 5493. Let a be (4/6)/(8/60). Suppose c = 2*v + a*v. What are the prime factors of v?
11, 23
List the prime factors of -24*8/(-120) + 2/5 - -2338.
2, 3, 5, 13
Let b(i) = 6*i + 39. Let t be b(-13). Let w = t + 45. List the prime factors of w/(-9)*-13*6.
2, 13
Suppose 4*c + 4 = 0, 32 + 2 = 5*q - 4*c. Let f(m) = 2*m**2 + 36*m. What are the prime factors of f(q)?
2, 3
Suppose -7*n + 30*n + 141490 = 1018664. List the prime factors of n.
2, 19069
List the prime factors of (-30 - -25)*7/(-5) - -5601.
2, 701
Suppose -28*g + 21170 = -95087 - 47739. List the prime factors of g.
5857
Let j = -61443 - -107611. What are the prime factors of j?
2, 29, 199
Suppose 2*i + 24 = -4*m, -3*i - 18 = i + 2*m. List the prime factors of 229*(-6 - -7) - i.
3, 7, 11
Suppose 1036 = -2*u + 2*t + 3*t, 0 = -5*t + 10. Let d = 1099 + u. List the prime factors of d.
2, 293
Let c = -23500 + 50252. List the prime factors of c.
2, 11, 19
Let x = -1016 - -1586. Suppose 0 = -24*g + 25*g - x. List the prime factors of g.
2, 3, 5, 19
Suppose -598666 = 246*n + 1586316 - 9149488. What are the prime factors of n?
3, 9437
Suppose -3*h + 3*b - 32065 = -159265, 5*h - 3*b - 212008 = 0. List the prime factors of h.
2, 10601
Let g(l) = -46*l - 69. Let u be g(-4). Suppose 105*s = u*s - 370. List the prime factors of s.
37
Suppose 4*z - 308 - 68 = 0. Let a = 78 - z. Let h = a + 136. List the prime factors of h.
2, 3, 5
Suppose 184212 + 15900 = 6*d. What are the prime factors of d?
2, 11, 379
Suppose 0 = 52*d - 779217 + 102645. What are the prime factors of d?
3, 4337
Let q = -15250 + 16988. What are the prime factors of q?
2, 11, 79
Let j(h) = -h**3 - 12*h**2 - 23*h - 15. Let p be j(-10). Suppose 2*t - p = -9. Suppose t*i + 6*i - 1332 = 0. List the prime factors of i.
2, 37
Let d(j) = 88*j - 450. Let o be d(50). Suppose -5*l = -5*b + o, -4*l + 0*l = 4*b - 3120. List the prime factors of b.
5, 157
Let m be 9 + -4 - 1*-1. Suppose -k - m*h + 55 = -h, -h = -4*k + 115. Suppose -6*b = -b - k. What are the prime factors of b?
2, 3
Let n be 1*-34*-3*(-2931)/(-18). Suppose 42*c = 59*c - n. List the prime factors of c.
977
Let x be 0/((-10)/5 - -1). Suppose -2*k + 2 + 2 = x. Suppose -3*j = -3*y - 18, -4*j + k*y + 18 = -0*y. What are the prime factors of j?
3
Let i(u) = -112*u + 438. List the prime factors of i(-47).
2, 2851
Let o(h) = -8 - 6*h + 2 - 7 + 10. Let f be (12/10)/(15/(-75)). List the prime factors of o(f).
3, 11
Suppose -2*a = -3*w + 9357, 12476 = w + 3*w - 4*a. List the prime factors of w.
3119
Let y = 163 - 157. Suppose y*k + 217 = 2869. What are the prime factors of k?
2, 13, 17
Suppose 0 = -22*p - 12156 + 4016. Let t = p + 1430. What are the prime factors of t?
2, 5, 53
Let j(l) = 1649*l**3 - 9*l**2 - 55*l + 213. What are the prime factors of j(3)?
2, 3, 5, 1483
Let x = -17985 + 29978. What are the prime factors of x?
67, 179
Suppose -4*t + 20 = -5*q, -4*t = q - 3*t + 4. Let v = -1 - q. Suppose -4*x = 5*w - 2 - 3, v*x + 40 = 5*w. L